 s(p) = -3*p**2 - 4*p - 2. Let o be s(-2). Let h(x) = -x**3 - 6*x**2 + 8. Calculate the remainder when (6/(-4))/(6/(-88)) is divided by h(o).
6
Let m = -32 - -39. Calculate the remainder when 11 is divided by m.
4
Let s = -9 - -9. Suppose -3*d + 157 + 20 = s. Calculate the remainder when d is divided by 20.
19
Let d be (-56)/(-10) + (-6)/(-15). What is the remainder when 39 is divided by ((-3)/d)/(1/(-40))?
19
Let a(z) = 5*z**2 + 2*z + 1. Let x be a(2). Let f = 15 - x. What is the remainder when (-4)/f - (-384)/15 is divided by 9?
8
Let c(s) = 2*s. Let q be c(1). Suppose -4*w + 5*i + 59 = 0, q = 5*i - 3. What is the remainder when -1 - (-47 - 0/1) is divided by w?
14
Suppose -104 = -3*f - 41. What is the remainder when (0 - 123)*1/(-6)*4 is divided by f?
19
Suppose 6*a - 262 = -40. What is the remainder when a is divided by 13?
11
Suppose -7*n + 3*n = 16, -5*n = -5*a + 120. Let c = -13 + a. Let s(i) = 5*i - 3. What is the remainder when s(3) is divided by c?
5
Let y be (-10)/(-4) - 2/4. Let n(j) = 0 - y + 0 - 3*j. What is the remainder when n(-6) is divided by 6?
4
Suppose 12*z - 9*z - 6 = 0. Let l(c) = c**2 - 3*c + 2. What is the remainder when l(3) is divided by z?
0
Let b(n) = 2*n**2 - 1. Calculate the remainder when b(3) is divided by 6.
5
Let i = -59 + 91. Suppose 0*b + 2*b = i. Suppose q - 90 = -3*k, 2*k = q + 28 + 37. Calculate the remainder when k is divided by b.
15
Suppose 7*f - 2*f = 15. Suppose 0 = 3*z - 4*o + 2, 5*o - 4 = 3*z + f. Calculate the remainder when (-6 + 9)*(-32)/(-6) is divided by z.
4
Let y = -148 - 28. Let v = 54 + -2. Calculate the remainder when v is divided by (-4)/(-10) - y/10.
16
Suppose -2*y - 8 = -2*a, 4 = 2*y + 4*a + 12. Calculate the remainder when 8 is divided by ((-2)/y)/(1/6).
2
Let o be 58/(-4) + 1/2. What is the remainder when 7 is divided by 17/3 - o/(-21)?
2
Suppose 6*j - j - 165 = 0. Let m = -19 + j. Calculate the remainder when 82 is divided by m.
12
Let r(c) = 6*c + 11. Let l(j) = -3*j - 5. Let s(t) = 5*l(t) + 2*r(t). What is the remainder when s(-7) is divided by 10?
8
What is the remainder when (10 + -104)*(-2 - -1) is divided by 24?
22
What is the remainder when 532/9 - (-6)/(-54) is divided by 18?
5
Suppose 2*c = -2*c + 8. What is the remainder when 31 is divided by (22 + c)*4/6?
15
Let j = 5 - -9. Let i(c) be the second derivative of -c**3/3 + c**2 + c. What is the remainder when j is divided by i(-3)?
6
Let g(h) = -h + 36. What is the remainder when 47 is divided by g(31)?
2
Let z be -2 - ((1 - 3) + 0). Suppose 2*s + 2*c = -2*c + 20, z = 3*s - 5*c + 14. What is the remainder when 4 is divided by s?
0
Let l = -4 - -6. Suppose -l*q = -o - 8, o + 11 = 3*q + 1. What is the remainder when ((-4)/(-8))/((-1)/o) is divided by 2?
0
Suppose -7*s + 191 = -173. Calculate the remainder when s is divided by 20.
12
Let d be (-30)/(-6) - (2 + -1). Suppose -d*b = -h - 55, 3*b - 4*b = 2*h - 16. Calculate the remainder when 54 is divided by b.
12
Suppose -5*d = -6*d + 9. What is the remainder when 35 is divided by d?
8
Let z = 16 + -9. Suppose 79 = 9*o - 38. What is the remainder when o is divided by z?
6
Suppose 3*h - 159 - 9 = 0. Let g(t) = -t**3 - 3*t**2 - 2*t - 5. What is the remainder when h is divided by g(-4)?
18
Let a be ((-1)/(-2))/((-2)/12). Let w(k) = -4*k - 4. What is the remainder when 14 is divided by w(a)?
6
Let o be (-1 - (-12)/3) + 1. Suppose -o*b - 85 = -9*b. What is the remainder when b is divided by 6?
5
Let u be 1556/(-16) + (-1)/(-4). Let g = -61 - u. Suppose -d - g = -4*d. What is the remainder when 22 is divided by d?
10
Let k(s) = -s - 12. Let x be k(0). What is the remainder when 6 is divided by (-8)/(-3)*x/(-8)?
2
Let n(u) = u**3 - 10*u**2 - 10*u - 2. What is the remainder when 25 is divided by n(11)?
7
Let d(p) = p**2 + 11*p + 6. Calculate the remainder when 9 is divided by d(-11).
3
Let u(x) be the third derivative of x**4/24 - x**3/3 - x**2. Let w = 3 + -2. What is the remainder when w is divided by u(3)?
0
Suppose w = 3*w - 14. What is the remainder when 28 is divided by w/14 - (-38)/4?
8
Let y = 13 - 21. Let a(u) = 5*u**2 - 16*u - 29. Let b(c) = 3*c**2 - 11*c - 19. Let j(q) = 5*a(q) - 8*b(q). Calculate the remainder when 12 is divided by j(y).
5
What is the remainder when 124 is divided by (-2 + (-51)/6)*-2?
19
Suppose -2*u - 3 = -3*u - k, -4*u = k. Let j be 4/(-2) - (u - -17). What is the remainder when (-4 - -1 - -2)*j is divided by 10?
8
Let m(x) = 3*x**2 + 7*x + 4. Calculate the remainder when 46 is divided by m(-4).
22
Let x = -88 + 91. What is the remainder when 18 is divided by x?
0
Let m = 118 - 65. Calculate the remainder when m is divided by (-14)/(2*(-1)/2).
11
Let b(m) = -19*m**3 + m**2. Suppose 5*n - 150 = 10*n. What is the remainder when b(-1) is divided by 2/(-5) + (-222)/n?
6
Suppose b - 910 = -5*g, -g - 198 = -2*g + 3*b. Suppose -2*w = 4*p - 182, 0 = -4*p - 0*p - 3*w + g. Calculate the remainder when p is divided by 12.
9
Let z(q) = -q - 13. Let d be z(-9). What is the remainder when 57/21 + d/(-14) is divided by 3?
0
Let w(s) = 13*s**2 - 2*s - 1. Suppose 5 = -u - 4*u. Suppose 4*o = 3*v - 8*v + 155, -5*o + 2*v + 202 = 0. Calculate the remainder when o is divided by w(u).
12
Suppose 3*h - 5*r - 10 = 0, -4*r = 3*h - 0*h + 8. Suppose h = -5*j - 0*j + 325. Calculate the remainder when j is divided by 17.
14
Let k(y) = -y**2 + 14*y - 9. Suppose -3*b + 63 = -0*b. What is the remainder when k(7) is divided by b?
19
Let s be 9/6*(-4)/(-3). Suppose t - 2 - 22 = -5*u, -s*u = -4. What is the remainder when 40 is divided by t?
12
Let m(a) = a. Suppose 17 + 10 = 3*z. What is the remainder when 25 is divided by m(z)?
7
Calculate the remainder when 12 is divided by (2/3*-1)/((-30)/495).
1
Let o = 85 + -74. Calculate the remainder when 65 is divided by o.
10
Let x(h) = 2*h**2 + 2*h + 3. Calculate the remainder when x(3) is divided by 7.
6
Suppose 0 = m - 3*m - 3*j + 11, 20 = 4*j. Suppose 0 = -3*b + 3*l - 15, 2*b - 3*l = 2*l - 1. What is the remainder when (0 + m)*44/b is divided by 4?
3
Let x be (3/6 + -1)*0. Suppose 64 = -x*h + 4*h. Suppose 0*s = -s + 46. What is the remainder when s is divided by h?
14
Suppose 101 = 4*v - 155. Calculate the remainder when v is divided by 17.
13
Suppose -2*x + 0 = -6. Suppose 4*o + 1 = -4*z + 9, 3 = -o. Suppose -19 = -4*y - 2*q + 3, 11 = -y + z*q. What is the remainder when y is divided by x?
1
Let k be (-12)/(-10)*5/2. Suppose 0 = -h + k + 1. Calculate the remainder when 7 is divided by h.
3
Calculate the remainder when (5 + -2 - -119)*2 is divided by 35.
34
Suppose 2*y - 17 = -3*d, -4*d + 1 = -y - 18. What is the remainder when d is divided by 4?
1
Let l be (0 - (-1)/(-2))*-4. Suppose y = -z + 9, -l*y + 3*z = 2*z - 3. Calculate the remainder when y is divided by 2.
0
Suppose -24 = -2*k - 0*k. What is the remainder when k is divided by 5?
2
Suppose 45 = 2*b - b + 2*g, 0 = 2*b - 4*g - 90. Suppose 2*k - 6*k + 63 = -5*w, 9 = 2*k + 5*w. Calculate the remainder when b is divided by k.
9
Suppose -19*s + 2 = -18*s. What is the remainder when 20 is divided by s?
0
Suppose -5*l - 3*g - 2*g + 70 = 0, -3*l + 3*g + 24 = 0. Calculate the remainder when 32 is divided by l.
10
Suppose -5*m = -0*m - 190. Suppose 0 = 5*h - 6*h + m. Calculate the remainder when h is divided by 13.
12
Let g = -286 - -339. Let r = 35 + -21. What is the remainder when g is divided by r?
11
Let v = 60 + -10. What is the remainder when v is divided by 17?
16
Let r(m) = -m**2 + 2*m + 788. Let k be r(0). Suppose -5*o + k - 223 = 0. Calculate the remainder when o is divided by 29.
26
Suppose -14*f = -18*f + 288. Calculate the remainder when f is divided by 26.
20
Suppose -2*q - 7*m = -11*m - 134, 3*q = 5*m + 200. What is the remainder when q is divided by 34?
31
Suppose -2*i + i + 2*l = 37, -5*l + 148 = -4*i. Let n = 62 + i. What is the remainder when 47 is divided by n?
22
Let d(r) = -104*r + 9. What is the remainder when d(-2) is divided by 44?
41
Let u = -24 - -32. Suppose 0 = -2*f - 3*c + 1, -4*f + 3*f + 3*c + 14 = 0. What is the remainder when u is divided by f?
3
Let s(r) = -5*r**3 - 2*r**2 + 1. Let n be s(1). Let j = n + 38. Suppose j = z + 4*o, -o - 28 = -4*z + 2*z. What is the remainder when 30 is divided by z?
14
Suppose 4*q = -81 + 25. Let x = q + 21. Let s = 17 - x. Wh